11096. Calculate the greatest common divisor of 28 and u.
28
Let g = 490 + -223. Let c = g + -204. Calculate the highest common divisor of 9 and c.
9
Suppose 0 = 3*u - 12, 3*u = -212*z + 207*z + 148277. Calculate the highest common factor of 13 and z.
13
Let z be ((-10)/(-35))/(4/28). Suppose 16*x - l + 48 = 18*x, 2*x - z*l - 36 = 0. Calculate the greatest common factor of 121 and x.
11
Let s be (-15 - (7 - 17)) + (-35)/(-1). Calculate the greatest common divisor of 144 and s.
6
Let h = 5721 + -5715. Let x(m) = 8*m**2 - m + 1. Let o be x(1). Suppose 2*k - 10 = o. What is the highest common factor of k and h?
3
Let a(l) = l**3 + 6*l**2 - l + 5. Let w be a(-5). Suppose -2*k - 45 = -c, 81*c = 85*c + 2*k - 270. What is the greatest common factor of w and c?
7
Let c(y) = -8759*y**3 + y**2 - 29*y - 29. Let h be c(-1). What is the highest common divisor of h and 8?
8
Suppose 5*j - 4*p - 49 = -22, -j + 15 = 4*p. What is the greatest common factor of j and 33?
1
Let a be (33/4 - 4) + 3/4. Suppose 40 = a*s + 5*l, 3*s - 1 = s + l. Let j be -2 + 3 + 4 + s/1. What is the highest common factor of 88 and j?
8
Let t = 86 - 133. Let g = t - -79. Let z = 36293 - 36133. What is the highest common divisor of g and z?
32
Let s = -14200 - -14690. Let t = 31 - 3. What is the greatest common divisor of t and s?
14
Let b be (-16)/4*-3 - -4. Suppose -18*u = -b*u - 704. Suppose -5*n + 144 = -4*h, 53 = 2*n - 3*h + 1. What is the highest common divisor of u and n?
32
Suppose 0 = -5*m + 4*g + 24, 4 = -3*g + 1. Let v(t) = 4*t - 16. Let f be v(m). Suppose -4 = -4*r - f. Calculate the highest common divisor of r and 5.
1
Suppose 0 = 4*d + 4, -4*m - 13 - 10 = -d. Let y be (-3 - (-89)/9) + m/(-54). Suppose 3*s = y + 5, -2*s + 28 = v. What is the highest common factor of 30 and v?
10
Let a be (20/15)/(10/915). Let x = 417 - a. Calculate the greatest common divisor of 10 and x.
5
Let d(c) = -5*c - 64. Let p be d(-14). Suppose -3*f + p*f + 66 = 2*m, -134 = -4*m + 5*f. What is the highest common factor of 60 and m?
12
Let z be (3 + 11/(-3))/(8/(-156)). Let r(q) = q**2 - 12*q + 29. Let a be r(z). Calculate the highest common divisor of a and 42.
42
Suppose -b - 5*l + 53 = -l, 3*l - 3 = 0. Let r(w) = 1615*w - 3181. Let m be r(2). What is the highest common factor of b and m?
49
Suppose 0 = -152*f - 140316 + 853500. Calculate the highest common divisor of 966 and f.
138
Let g(y) = y**3 - 21*y**2 + 24*y + 329. Let z be g(19). What is the greatest common divisor of z and 1281?
21
Suppose -40*n = -370 - 110. Calculate the greatest common divisor of n and 716.
4
Suppose 15*a - 1440 = -7560. Let q = -366 - a. Let p(i) = -14*i - 7. Let h be p(-5). Calculate the greatest common factor of q and h.
21
Let f = 152 - 291. Let l = -125 - f. Calculate the greatest common divisor of l and 42.
14
Let m be (-12)/(-18)*(126 - (15 + -3)). What is the greatest common divisor of m and 32756?
76
Let r be (-10)/(-125) - (-17)/(2125/12740). Calculate the highest common divisor of r and 2074.
34
Let n(d) = -21*d**2 + 769*d - 6. Let u be n(36). Suppose 4*m - 279 = -15. What is the highest common divisor of u and m?
66
Let m = 9478 - 6596. Calculate the highest common factor of 66 and m.
22
Let a be (12 - 14 - 9*(-25)/(-15))*-3. Calculate the highest common divisor of a and 2397.
51
Suppose h + 3*b = 1523, 2*h - 102*b = -105*b + 3043. What is the highest common divisor of 70 and h?
10
Suppose -5*s = -2*u + 51, -11 - 10 = -u + s. Suppose 7*b + 0 = 42. Suppose 3*k = -b, 4*n - 2*k = k + 102. What is the greatest common factor of u and n?
6
Let m(a) = -55*a - 2662. Let x be m(-53). Calculate the highest common factor of 1081 and x.
23
Let r = -13 - 17. Let a be (4/(-30) - (-26)/r) + 3. Suppose 3*z + 272 = 4*j, a*j - 5*z - 340 = -3*j. Calculate the greatest common factor of j and 17.
17
Let k be (-4)/(-22) + 4/(-22). Let w be k/((-1)/(-3) + (-4)/(-6)). Suppose 6*f - 5*f - 40 = w. What is the greatest common divisor of 8 and f?
8
Let q(v) = 6*v + 30. Let z be q(-31). Let b = z - -166. What is the greatest common divisor of b and 40?
10
Let y = 22590 - 22160. What is the greatest common divisor of 3182 and y?
86
Let s = -2059 - -2400. Let l = 32 - 1. What is the greatest common factor of l and s?
31
Let c(l) = -3*l + 62. Let f be c(2). Let q be (8 - 0)/(2/8). Calculate the highest common divisor of q and f.
8
Suppose 4*x - 88 - 1642 = -5*i, 0 = -i - 2. Let m be -4*((-57)/12 + 1). What is the highest common divisor of x and m?
15
Let d = -16672 + 17096. What is the greatest common factor of d and 152?
8
Let w = -5361 - -5368. Calculate the greatest common divisor of 2023 and w.
7
Let h be 121/(-11)*(-2 + 1/1). Suppose -h*n + 20 = -9*n. Let b(q) = -q**3 + 2*q + 160. Let f be b(0). What is the greatest common divisor of n and f?
10
Let t(y) = -687*y + 4125. Let j be t(6). Suppose -3*f + 50 + 22 = 3*v, -2*v - 57 = -3*f. Calculate the greatest common divisor of f and j.
3
Let t = -9364 - -9403. What is the greatest common factor of 51 and t?
3
Let t be ((-18)/(-4) + -8*8/16)*1512. Calculate the highest common factor of t and 651.
21
Let p be (8*(-8)/6 - -11)*1419. Calculate the highest common factor of 55 and p.
11
Let h(k) = k**3 + 33*k**2 - 33*k + 41. Let y(v) = 19*v + 118. Let o be y(-8). Let d be h(o). What is the greatest common factor of d and 98?
7
Let h be (246075/(-36))/(-17) + 22/24 + -1. What is the greatest common factor of h and 36?
6
Suppose 0 = 4*u + 20, 16*k - 13*k + 13 = -5*u. Suppose -1 = -k*n + 39. Calculate the greatest common divisor of n and 270.
10
Let y be 1*8/1 + -1. Let i(k) = k**2 + 4*k - 5. Let o be i(y). Suppose t - 12 = 3*d, -31*t + d + 70 = -27*t. What is the greatest common factor of o and t?
18
Suppose 0 = -12*f - 7 + 67. Let a be 6*((-780)/(-8))/f. Let v = a - 95. What is the highest common divisor of v and 66?
22
Suppose 5*t + 29 = 2*j - 0*t, 5*t = -5*j + 20. Let f be (-4430)/70 + 2/j. Let o = f + 89. What is the highest common divisor of o and 13?
13
Suppose 3*w = 45*x - 50*x + 3260, 1970 = 3*x - w. What is the greatest common factor of x and 80?
5
Let j(a) = -3*a - 3*a - 15 + a + 0. Let s be j(-6). Suppose 2*l = l + 15. What is the highest common factor of l and s?
15
Suppose -3*k = 3*h - 84, -5*h = -3*h + 4*k - 54. Suppose -276 - h = -3*o - 2*v, -4*o - 4*v + 400 = 0. What is the highest common factor of o and 30?
15
Suppose -2*g - 2*j + 1286 = 28, 0 = 3*g - j - 1879. Let s = 678 - g. What is the greatest common factor of 3 and s?
3
Suppose 10*j = 11*j + 7, 2*l + 4*j = 8232. Calculate the greatest common factor of 236 and l.
118
Let l(j) = j**2 - 5*j. Let q be l(7). Let g(h) = h**3 + 45*h**2 + 221*h - 73. Let f be g(-39). Calculate the highest common divisor of f and q.
14
Suppose -2 = -v - 1. Let o = 630 - 620. Let q be o/2*1*1/5. Calculate the greatest common divisor of v and q.
1
Suppose -2*d - 15 = t, -4*d = -3*d - 2*t. Let v(j) = 1259*j + 50 - 1260*j - 49. Let s be v(d). What is the highest common factor of s and 35?
7
Suppose y - 67*l + 62*l = 219, 4*y - 3*l = 910. What is the greatest common factor of 9389 and y?
229
Suppose 177 = -214*a + 217*a + p, 2*p - 6 = 0. What is the greatest common divisor of 116 and a?
58
Suppose -4*c + f + 0 = -12, 0 = 2*c - 5*f - 6. Suppose 36*l = c*l + 1023. What is the greatest common divisor of l and 1?
1
Suppose -2*i = 2*z + 3*z - 43, 4*z - 2*i = 38. Let c(u) = 15*u**2 - 49*u + 15. Let m be c(6). What is the greatest common divisor of m and z?
9
Suppose -36*t + 404*t = 18*t + 41650. What is the greatest common factor of t and 374?
17
Let i(p) = -10 - 19*p - p**3 + 14*p**2 + 0*p**2 + 6*p. Let r(s) = 2*s + 1. Let v be r(5). Let j be i(v). Calculate the highest common factor of 30 and j.
30
Let b be (-11 + (-31)/(-3))*(2 + 1802/(-4)). Calculate the greatest common divisor of b and 621.
23
Let s = -245 + 253. Suppose -4*r + s = 0, 3*m - 186 + 71 = -5*r. Calculate the highest common factor of 280 and m.
35
Let i = 747 - 711. Let q(n) = n**2 + 6*n - 4. Let c be q(4). Suppose o + c = 4*o. Calculate the greatest common factor of o and i.
12
Suppose -4*c + 2*b + 112 = 0, 0 = 4939*b - 4943*b. Calculate the greatest common factor of c and 12908.
28
Suppose k = -2*n - 190, 3*n + 0*n = -4*k - 735. Let h = k + 299. Let y = h + -44. What is the greatest co